 10*y - 21. Determine g(-11).
-10
Let k(s) = s**2 - 9*s + 23. Determine k(0).
23
Let i(r) = -r**3 - 2*r**2 + r + 4. Give i(2).
-10
Let h(x) = -38*x - 462. Calculate h(-12).
-6
Let h(c) = -6*c + 43. Give h(6).
7
Let x(p) = -2*p + 30. What is x(18)?
-6
Let a(s) = -s**2 + 10*s - 9. Give a(6).
15
Let g(j) = -7*j - 10. Give g(-9).
53
Let s(f) = 7*f - 17. Give s(20).
123
Let d(i) = i**3 - 16*i**2 - 18*i + 15. What is d(17)?
-2
Let o(c) = -c**3 - 8*c**2 - 6*c + 14. Determine o(-7).
7
Let o(n) = -30*n + 19. Calculate o(4).
-101
Let k(a) = a**2 - 4*a + 5. Determine k(8).
37
Let n(r) = 2*r**2 - 40*r + 2. What is n(20)?
2
Let y(u) = 3*u**2 - 2. Determine y(2).
10
Let n(t) = t**3 - 21*t**2 - 16*t + 23. Determine n(22).
155
Let q(i) = -2*i - 30. Determine q(-8).
-14
Let u(b) = -b**3 + 7*b**2 - 9*b + 15. What is u(6)?
-3
Let r(k) = -25*k. Calculate r(3).
-75
Let t(n) = 5*n - 53. Determine t(9).
-8
Let h(f) = -3*f - 4. What is h(-5)?
11
Let v(u) = -u + 44. Calculate v(20).
24
Let m(t) = -6*t - 117. Determine m(-20).
3
Let d(q) = -q**3 + 6*q**2 + q - 9. Determine d(6).
-3
Let z(h) = 4*h + 4. Give z(4).
20
Let o(p) = p**3 - 11*p**2 + 10*p - 19. What is o(10)?
-19
Let h(r) = -7*r + 141. What is h(21)?
-6
Let m(i) = i**2 + 13*i + 7. Calculate m(-11).
-15
Let u(a) = -a**2 + a + 36. Determine u(-5).
6
Let n(c) = -c - 12. What is n(-17)?
5
Let s(c) = -4*c**3 - 4*c**2 + 5*c + 1. Determine s(-2).
7
Let j(c) = 7*c. Determine j(0).
0
Let y(r) = -r**2 - 16*r - 4. Calculate y(-12).
44
Let y(u) = 3*u**2 + u + 5. Give y(0).
5
Let q(c) = c**3 - 3*c**2 + 2*c - 3. Give q(3).
3
Let q(b) = -b**2 + 14*b - 5. Determine q(15).
-20
Let k(c) = -12*c + 1. Calculate k(2).
-23
Let d(u) = u**2 + 16*u + 55. What is d(-6)?
-5
Let t(m) = -m**3 - 2*m**2 - m - 4. What is t(0)?
-4
Let q(k) = -5*k + 12. Give q(-8).
52
Let o(x) = -x**2 - 8*x + 12. What is o(-9)?
3
Let g(y) = -y**2 + 17*y + 4. What is g(12)?
64
Let t(c) = c**3 - 6*c**2 + 25*c - 222. Give t(7).
2
Let v(w) = -5*w**2 + 72*w - 19. Determine v(14).
9
Let v(j) = -14*j - 28. What is v(0)?
-28
Let o(w) = w**3 + 12*w**2 + 11*w - 13. What is o(-11)?
-13
Let y(g) = -g + 5. Calculate y(-4).
9
Let h(v) = v**3 - 7*v**2 + 2*v - 5. Determine h(6).
-29
Let j(q) = -11*q - 2. What is j(-1)?
9
Let u(d) = 8*d**3 + 2*d**2 - d - 4. Calculate u(2).
66
Let c(f) = f**3 + 8*f**2 + 9*f + 4. Give c(-7).
-10
Let y(f) = 2*f**2 + 5*f + 6. Determine y(-6).
48
Let j(k) = 4*k. Determine j(-5).
-20
Let d(z) = -z**3 + z**2 + 69*z - 4. Determine d(-8).
20
Let u(i) = i - 4. Determine u(9).
5
Let u(y) = y**2 - 18*y + 10. What is u(16)?
-22
Let j(a) = -a**3 + 7*a**2 - 2*a - 6. Calculate j(6).
18
Let v(m) = m**2 - 14*m + 23. Determine v(12).
-1
Let t(k) = k**3 + 7*k**2 - 26*k + 29. Calculate t(-10).
-11
Let y(c) = -c + 13. Give y(6).
7
Let f(l) = -l**2 - 4*l + 3. Determine f(-5).
-2
Let q(c) = -c**3 - 20*c**2 - 19*c + 9. What is q(-19)?
9
Let p(q) = -2*q**2 - 12*q - 12. Give p(-4).
4
Let v(w) = w. Calculate v(6).
6
Let j(l) = 22*l + 31. Determine j(-5).
-79
Let d(u) = -8*u**2 + u. Calculate d(1).
-7
Let n(p) = p**3 + p - 54. Give n(0).
-54
Let z(c) = c**3 + 10*c**2 - 11*c - 3. Give z(-11).
-3
Let i(n) = -n**3 - 4*n**2 + 6*n - 3. Give i(-5).
-8
Let u(x) = -9*x - 75. Calculate u(-9).
6
Let g(y) = y**2 + 24*y - 19. Determine g(-25).
6
Let a(w) = -15*w**2 + 40*w + 7. Determine a(3).
-8
Let u(d) = d**3 - 20*d**2 - 22*d + 5. What is u(21)?
-16
Let d(h) = -26*h + 82. Calculate d(3).
4
Let b(j) = -33*j + 153. Give b(5).
-12
Let r(n) = -n**3 + 2*n**2 - 3*n - 3. Calculate r(-3).
51
Let u(a) = -15*a**2 + 630*a - 6. Calculate u(42).
-6
Let r(k) = -10*k + 23. Determine r(-4).
63
Let c(r) = -7*r**2 + r - 1. Determine c(-2).
-31
Let g(p) = -p**2 + 10*p - 5. What is g(8)?
11
Let m(u) = u**3 + 17*u**2 + 18*u + 20. Calculate m(-16).
-12
Let z(d) = d**2 + 92*d - 699. Calculate z(7).
-6
Let s(f) = 4*f - 153. Determine s(45).
27
Let k(r) = -r**3 - 5*r**2 - 4*r + 8. Give k(-4).
8
Let f(s) = 2*s + 3. What is f(8)?
19
Let f(b) = -2*b + 4. Give f(-3).
10
Let r(q) = q**2 + 5*q - 3. What is r(-8)?
21
Let s(h) = h**3 + 11*h**2 - 3*h - 13. Give s(-11).
20
Let l(g) = 8*g. Determine l(-9).
-72
Let c(a) = a**3 - 7*a**2 + 4*a - 48. What is c(7)?
-20
Let k(b) = -2*b**2 + 33*b + 23. Calculate k(17).
6
Let a(d) = d**2 - 5*d + 9. Calculate a(5).
9
Let x(u) = -29*u + 14. Calculate x(3).
-73
Let b(y) = 2*y - 2. Give b(-2).
-6
Let l(b) = b**3 + 4*b**2 + 3*b. What is l(-2)?
2
Let u(s) = s - 21. Give u(15).
-6
Let o(u) = -u**3 - 3*u**2 + 8*u + 5. What is o(-5)?
15
Let b(u) = -2*u - 7. Calculate b(-7).
7
Let d(a) = -a**3 - 9*a**2 - 11*a - 3. Give d(-8).
21
Let p(v) = -3*v + 112. Calculate p(34).
10
Let r(z) = z**3 - 2*z + 3. Determine r(-2).
-1
Let m(p) = -p**2 - 6*p - 9. Determine m(-3).
0
Let h(c) = 29*c + 729. What is h(-25)?
4
Let n(u) = u**3 - 5*u**2 - 3*u + 8. Give n(5).
-7
Let g(q) = q - 17. Calculate g(3).
-14
Let t(a) = -a**2 + 8*a + 1. Calculate t(7).
8
Let r(j) = -j**3 + 24*j**2 + 25*j - 54. Give r(25).
-54
Let p(h) = -h**3 + 15*h**2 - 12*h - 11. Give p(14).
17
Let h(f) = -f**3 - 17*f**2 + 19*f + 25. Determine h(-18).
7
Let p(k) = 2*k - 11. Determine p(19).
27
Let s(p) = p**3 + 6*p - 2. What is s(0)?
-2
Let i(r) = 9*r - 6. What is i(-2)?
-24
Let w(i) = i**3 + 15*i**2 + 16*i - 4. Determine w(-14).
-32
Let u(i) = i + 6. Determine u(4).
10
Let u(d) = -d**2 + 16*d - 13. Determine u(15).
2
Let m(g) = -5*g + 37. Give m(6).
7
Let l(k) = -k**3 + 19*k**2 + k - 22. What is l(19)?
-3
Let s(a) = -a**2 + 3*a + 5. Determine s(5).
-5
Let c(u) = -u + 9. Determine c(0).
9
Let i(n) = n - 38. Calculate i(-12).
-50
Let g(z) = -26*z + 254. Calculate g(10).
-6
Let y(b) = 7*b - 4. What is y(2)?
10
Let o(z) = z**3 + 3*z**2 - z + 2. Determine o(-4).
-10
Let n(j) = -10*j - 16. Give n(-2).
4
Let d(g) = -3*g - 39. Calculate d(-11).
-6
Let k(b) = b**3 + 3*b**2 + 4*b - 1. What is k(-4)?
-33
Let a(r) = -r**2 + 6*r + 529. What is a(26)?
9
Let p(j) = 3*j**2 - 8*j - 4. Determine p(6).
56
Let j(n) = -n**3 + 3*n**2 + 4*n - 4. Calculate j(3).
8
Let c(q) = 12*q - 13. Determine c(4).
35
Let w(u) = 12*u - 16. Determine w(0).
-16
Let u(j) = j**2 - 29*j - 53. Determine u(31).
9
Let d(p) = -p**2 - 7*p. Determine d(-10).
-30
Let k(w) = -w**3 + 5*w**2 + 4*w + 6. Calculate k(6).
-6
Let c(w) = w**3 - 4*w**2 - 4*w + 6. Calculate c(4).
-10
Let y(s) = -2*s**3 + 2*s**2 + 14. What is y(4)?
-82
Let i(a) = -2*a**3 - 17*a**2 + 8*a - 4. What is i(-9)?
5
Let l(v) = -11*v + 195. Give l(18).
-3
Let g(u) = u + 1. Calculate g(2).
3
Let w(f) = -f**2 - 39*f + 295. Calculate w(7).
-27
Let i(v) = -2*v**3 + 15*v**2 + 5*v + 2. Give i(7).
86
Let r(n) = n**2 + 14*n - 43. Give r(-14).
-43
Let n(d) = d**2 - 17*d + 35. Determine n(14).
-7
Let f(a) = 15*a**3 + a**2 - a - 1. What is f(-1)?
-14
Let a(x) = x**3 - 18*x**2 + 36*x - 55. What is a(16)?
9
Let j(k) = 17*k + 8. What is j(-4)?
-60
Let p(b) = 3*b**2 + 32*b + 91. Give p(-6).
7
Let q(d) = 3*d + 27. Determine q(-8).
3
Let j(f) = -12*f - 9. Calculate j(-1).
3
Let j(o) = 4*o**2 + 36*o + 33. Calculate j(-8).
1
Let a(z) = -z - 6. Determine a(-2).
-4
Let f(m) = m**3 + 4*m**2 - 7*m + 8. Calculate f(-5).
18
Let u(c) = -c**2 - 4*c + 20. Calculate u(-7).
-1
Let n(j) = 14*j**2 - j - 1. Determine n(1).
12
Let x(k) = -38*k - 951. Give x(-25).
-1
Let f(v) = v**3 + 4*v**2 - 19*v + 16. Give f(-7).
2
Let c(s) = s + 1. Calculate c(-2).
-1
Let i(b) = -41*b - 1. Determine i(1).
-42
Let m(p) = 4*p**2 + 6*p + 2. Give m(-2).
6
Let c(i) = -20*i + 29. Calculate c(3).
-31
Let o(y) = -y**3 + 20*y**2 + 5*y + 27. Determine o(20).
127
Let a(b) = -b**2 + 12*b + 136. Give a(19).
3
Let k(y) = -y + 4. Give k(6).
-2
Let q(j) = 2*j**2 - 20*j - 20. Calculate q(11).
2
Let v(q) = q**3 - 6*q**2 - 6*q - 12. Give v(6).
-48
Let z(y) = 2*y**2 + 3*y - 14. Calculate z(8).
138
Let f(s) = -s**3 - 14*s**2 + 6. Calculate f(-14).
6
Let i(p) = p**2 - p - 51. Determine i(0).
-51
Let t(r) = -r**3 + 7*r**2 - 4*r - 10. What is t(6)?
2
Let f(b) = -b - 4. Calculate f(-9).
5
Let u(q) = -2*q**2 + 54*q + 19. Calculate u(27).
19
Let b(q) = -11*q + 5. What is b(-1)?
16
Let r(a) = -a - 3. Calculate r(8).
-11
Let v(m) = -m**3 + 18*m**2 - 19*m + 30. Give v(17).
-4
Let s(m) = 5*m - 6. Give s(-4).
-26
Let c(l) = -2*l**2 - 5*l + 10. What is c(5)?
-65
Let n(r) = r**2 + 18*r + 37. Wha